{"id":22,"date":"2026-05-16T01:52:54","date_gmt":"2026-05-16T01:52:54","guid":{"rendered":"http:\/\/localhost\/wordpress\/?page_id=22"},"modified":"2026-05-16T02:59:16","modified_gmt":"2026-05-16T02:59:16","slug":"schiessstand","status":"publish","type":"page","link":"https:\/\/schiesssport-haaren.de\/?page_id=22","title":{"rendered":"Schie\u00dfstand"},"content":{"rendered":"\n<figure class=\"wp-block-image size-full\"><img loading=\"lazy\" decoding=\"async\" width=\"640\" height=\"360\" src=\"https:\/\/schiesssport-haaren.de\/wp-content\/uploads\/2026\/05\/Clubraum-6.jpg\" alt=\"\" class=\"wp-image-88\" srcset=\"https:\/\/schiesssport-haaren.de\/wp-content\/uploads\/2026\/05\/Clubraum-6.jpg 640w, https:\/\/schiesssport-haaren.de\/wp-content\/uploads\/2026\/05\/Clubraum-6-300x169.jpg 300w\" sizes=\"auto, (max-width: 640px) 100vw, 640px\" \/><\/figure>\n\n\n\n<p>5 Luftgewehrst\u00e4nde mit Disiag- PC Auswertung<\/p>\n\n\n\n<figure class=\"wp-block-image size-full\"><img loading=\"lazy\" decoding=\"async\" width=\"640\" height=\"360\" src=\"https:\/\/schiesssport-haaren.de\/wp-content\/uploads\/2026\/05\/Clubraum-8-1.jpg\" alt=\"\" class=\"wp-image-94\" srcset=\"https:\/\/schiesssport-haaren.de\/wp-content\/uploads\/2026\/05\/Clubraum-8-1.jpg 640w, https:\/\/schiesssport-haaren.de\/wp-content\/uploads\/2026\/05\/Clubraum-8-1-300x169.jpg 300w\" sizes=\"auto, (max-width: 640px) 100vw, 640px\" \/><\/figure>\n\n\n\n<p>Clubraum unter der Sch\u00fctzenhalle<\/p>\n\n\n\n<figure class=\"wp-block-image size-full\"><img loading=\"lazy\" decoding=\"async\" width=\"640\" height=\"360\" src=\"https:\/\/schiesssport-haaren.de\/wp-content\/uploads\/2026\/05\/Clubraum-2-1.jpg\" alt=\"\" class=\"wp-image-95\" srcset=\"https:\/\/schiesssport-haaren.de\/wp-content\/uploads\/2026\/05\/Clubraum-2-1.jpg 640w, https:\/\/schiesssport-haaren.de\/wp-content\/uploads\/2026\/05\/Clubraum-2-1-300x169.jpg 300w\" sizes=\"auto, (max-width: 640px) 100vw, 640px\" \/><\/figure>\n\n\n\n<p>Eingang vom Sportplatz aus<\/p>\n\n\n\n<figure class=\"wp-block-image size-full\"><img loading=\"lazy\" decoding=\"async\" width=\"640\" height=\"360\" src=\"https:\/\/schiesssport-haaren.de\/wp-content\/uploads\/2026\/05\/Clubraum-4-1.jpg\" alt=\"\" class=\"wp-image-96\" srcset=\"https:\/\/schiesssport-haaren.de\/wp-content\/uploads\/2026\/05\/Clubraum-4-1.jpg 640w, https:\/\/schiesssport-haaren.de\/wp-content\/uploads\/2026\/05\/Clubraum-4-1-300x169.jpg 300w\" sizes=\"auto, (max-width: 640px) 100vw, 640px\" \/><\/figure>\n\n\n\n<p>Ausstattung: kleine K\u00fcchennische sorgt f\u00fcr das Ambiente mit Getr\u00e4nken und kleinen Imbiss<\/p>\n\n\n\n<figure class=\"wp-block-image size-full\"><img loading=\"lazy\" decoding=\"async\" width=\"1006\" height=\"768\" src=\"https:\/\/schiesssport-haaren.de\/wp-content\/uploads\/2026\/05\/SABT04-2.jpg\" alt=\"\" class=\"wp-image-98\" srcset=\"https:\/\/schiesssport-haaren.de\/wp-content\/uploads\/2026\/05\/SABT04-2.jpg 1006w, https:\/\/schiesssport-haaren.de\/wp-content\/uploads\/2026\/05\/SABT04-2-300x229.jpg 300w, https:\/\/schiesssport-haaren.de\/wp-content\/uploads\/2026\/05\/SABT04-2-768x586.jpg 768w\" sizes=\"auto, (max-width: 1006px) 100vw, 1006px\" \/><figcaption class=\"wp-element-caption\">$CoMmEntH<\/figcaption><\/figure>\n\n\n\n<div class=\"wp-block-columns is-layout-flex wp-container-core-columns-is-layout-28f84493 wp-block-columns-is-layout-flex\">\n<div class=\"wp-block-column is-layout-flow wp-block-column-is-layout-flow\">\n<p>Seit 2019 mit DISAG- PC Auswertung<\/p>\n\n\n\n<p>Unser Schie\u00dfstand befindet sich an der R\u00fcckseite der Sch\u00fctzenhalle, Eingang Sportplatz<\/p>\n<\/div>\n<\/div>\n","protected":false},"excerpt":{"rendered":"<p>5 Luftgewehrst\u00e4nde mit Disiag- PC Auswertung Clubraum unter der Sch\u00fctzenhalle Eingang vom Sportplatz aus Ausstattung: kleine K\u00fcchennische sorgt f\u00fcr das Ambiente mit Getr\u00e4nken und kleinen Imbiss Seit 2019 mit DISAG- PC Auswertung Unser Schie\u00dfstand befindet sich an der R\u00fcckseite der Sch\u00fctzenhalle, Eingang Sportplatz<\/p>\n","protected":false},"author":1,"featured_media":0,"parent":0,"menu_order":0,"comment_status":"closed","ping_status":"closed","template":"","meta":{"footnotes":""},"class_list":["post-22","page","type-page","status-publish","hentry"],"_links":{"self":[{"href":"https:\/\/schiesssport-haaren.de\/index.php?rest_route=\/wp\/v2\/pages\/22","targetHints":{"allow":["GET"]}}],"collection":[{"href":"https:\/\/schiesssport-haaren.de\/index.php?rest_route=\/wp\/v2\/pages"}],"about":[{"href":"https:\/\/schiesssport-haaren.de\/index.php?rest_route=\/wp\/v2\/types\/page"}],"author":[{"embeddable":true,"href":"https:\/\/schiesssport-haaren.de\/index.php?rest_route=\/wp\/v2\/users\/1"}],"replies":[{"embeddable":true,"href":"https:\/\/schiesssport-haaren.de\/index.php?rest_route=%2Fwp%2Fv2%2Fcomments&post=22"}],"version-history":[{"count":1,"href":"https:\/\/schiesssport-haaren.de\/index.php?rest_route=\/wp\/v2\/pages\/22\/revisions"}],"predecessor-version":[{"id":99,"href":"https:\/\/schiesssport-haaren.de\/index.php?rest_route=\/wp\/v2\/pages\/22\/revisions\/99"}],"wp:attachment":[{"href":"https:\/\/schiesssport-haaren.de\/index.php?rest_route=%2Fwp%2Fv2%2Fmedia&parent=22"}],"curies":[{"name":"wp","href":"https:\/\/api.w.org\/{rel}","templated":true}]}}